 = -0. Calculate the highest common factor of 55 and f.
5
Let a be (-1 - (-1 - 4))/((-20)/(-1085)). Suppose -3*y - 42 = -2*x, -2*y - 4 = 3*x - 67. What is the greatest common divisor of x and a?
7
Let h be (2 + 0)/(4/38). Let z = 32 + h. Suppose -3 = -9*b + z. Calculate the greatest common divisor of b and 4.
2
Suppose -188*z + 99*z + 95*z - 17442 = 0. What is the highest common divisor of 918 and z?
153
Let m = -10029 + 10033. Calculate the highest common divisor of 1228 and m.
4
Suppose 0 = -82*x + 593108 + 365226. What is the greatest common factor of 26 and x?
13
Let j(q) = 124*q**2 - 83*q + 310. Let o be j(12). Calculate the greatest common factor of 10 and o.
10
Let w(y) = y**3 - 10*y**2 + 25*y + 2. Let i be w(5). Calculate the highest common divisor of 122 and i.
2
Suppose -23*w = -8983 + 519. Let a(k) = 22*k**2 - 2*k - 1. Let r be a(-1). Calculate the greatest common factor of w and r.
23
Suppose 2*h + 8*p - 5*p + 15 = 0, 0 = -5*h + 5*p. Let w be -3 + (55 + h - 6). What is the highest common factor of w and 86?
43
Let w(m) = m**3 + 69*m**2 - 146*m - 190. Let n be w(-70). Calculate the highest common divisor of 95 and n.
95
Let i be -4*2/4 - -14. Let z = -7042 - -7102. What is the highest common divisor of z and i?
12
Let m(j) = 78*j + 2864. Let k be m(-35). What is the highest common divisor of k and 26398?
134
Suppose 0 = 4*p + 4*i - 108, 25 - 10 = 5*i. What is the greatest common divisor of 564 and p?
12
Let g(y) = 33*y + 52*y + 30*y - 14 - 66*y. Let w be g(4). Calculate the highest common divisor of w and 14.
14
Let v = -4111 + 5087. Calculate the greatest common factor of 144 and v.
16
Suppose 2*u - 3*h + 14 = 0, 19*u + 2*h = 23*u + 12. Let f be u/6 - 2886/(-36). What is the greatest common factor of 380 and f?
20
Suppose b + 2*o - 47 = 0, 4*o + 46 + 8 = 2*b. Let h(w) = w + 148. Let g be h(0). Calculate the highest common divisor of b and g.
37
Let y(a) = 151*a - 2022. Let m be y(47). Calculate the greatest common divisor of 525 and m.
175
Let g = 311 + 672. Suppose 6*o = -g + 1127. Calculate the highest common divisor of 24 and o.
24
Let m be 602 + ((-8)/(-6))/((-76)/(-171)). Suppose 67*f = 56*f + m. Let x be 36/(-9) - (-48 + 0). What is the highest common divisor of x and f?
11
Suppose -4*t - 2*m + 80 = 0, 0 = -43*m + 39*m. Calculate the highest common factor of 30220 and t.
20
Let h = -41667 + 88791. Calculate the greatest common factor of h and 42.
42
Suppose -4*p + 43 = -253. Let f = 426 - p. Suppose 14*t - 128 = 10*t. Calculate the greatest common factor of t and f.
32
Let u(y) = y**2 - 6*y + 29. Let o be u(7). What is the greatest common factor of 3492 and o?
36
Let v(c) = -c**2 - 35*c + 251. Let a be v(6). Calculate the highest common divisor of 289 and a.
1
Suppose 2*c = 0, -2*n + 30 = -4*c - 40. Let m = -2 + 44. Calculate the greatest common factor of n and m.
7
Let z = -4247 - -4252. What is the greatest common divisor of 45 and z?
5
Let d = -34 - -66. Let b be d - (2 - (-4 - (-12)/3)). Calculate the highest common divisor of 80 and b.
10
Suppose 65200 - 9688 = 257*t. Calculate the highest common divisor of 32 and t.
8
Suppose 483748 = 115*g + 89068. Calculate the greatest common divisor of 12 and g.
12
Suppose 0 = -48*c + 279553 + 306431. Calculate the highest common divisor of c and 16.
16
Let o(i) = 33*i**3 - i**2 + i. Let u be o(1). Let y = -18 + u. Suppose 2*j - 15 = -3*b, b - y = -5*j + j. What is the greatest common divisor of 6 and j?
3
Let o(g) = 2*g**2 - 55*g + 398. Let f be o(12). What is the highest common factor of 6981 and f?
13
Suppose -57*r = -28*r - 2436. What is the greatest common divisor of 624 and r?
12
Let d be 1/(-3 + 64/20). Let t be -2 + 11/(55/20). Let l be -1 + t + -33 + 34. Calculate the highest common factor of d and l.
1
Let u = -15907 - -15931. What is the highest common factor of 7608 and u?
24
Suppose -10*y + 209 - 289 = 0. Let s(l) be the first derivative of l**3 + l**2/2 - 8*l - 1. Let p be s(y). What is the highest common divisor of p and 16?
16
Let z be (-47880)/(-66) + 18/(-495)*-15. Calculate the greatest common divisor of 99 and z.
33
Let v(y) = -2*y**2 - 250*y - 1225. Let n be v(-5). Let t(o) = -2*o**2 + 3*o - 6. Let i be t(4). Let g = n - i. What is the highest common divisor of 4 and g?
1
Let i(s) = -106*s - 8. Let v be i(-6). Suppose -5*j + 55 = -5*k, -6*k + 29 = 2*j - 9*k. What is the greatest common divisor of v and j?
4
Let k = -36115 + 36130. Suppose 0 = -5*i + 5*y + 550, 2*i - 2*y = 7*i - 515. What is the highest common factor of i and k?
15
Suppose 21*c = -23*c + 4004. Calculate the highest common factor of c and 936.
13
Suppose w + 3*w + 429 = 1397. What is the highest common factor of w and 1166?
22
Suppose 5*w - 939 = 441. Calculate the greatest common divisor of 15548 and w.
92
Suppose 4*r - 4*g = 180, -5*g + 37 = 4*r - 89. Let d be 2/((-6)/(-309)) + -1. Suppose d + 28 = 5*f. Calculate the highest common divisor of f and r.
13
Let d be (-3 - (4 - -1))*(-2)/(-4). Let q be 56/16*(-40)/d. What is the highest common divisor of 91 and q?
7
Suppose 208*n - 17085 = -71*n + 9420. Let b(f) = -3*f - 2. Let u be b(-3). Let z be (-2)/u - (-405)/21. Calculate the greatest common factor of n and z.
19
Let s be (-3 + 28/12)/(2/(-9)). Suppose 437 = s*z - 259. Suppose 2*r - 3*r = y - 48, -5*y + 3*r + z = 0. Calculate the greatest common factor of 141 and y.
47
Let o = 501 - 462. Let s be ((-598)/o)/((-2)/9). What is the highest common factor of s and 3?
3
Let v be 955/(-1146) - (-25390)/12. Calculate the highest common divisor of v and 1645.
235
Let y be (1 + (-13)/4)*(-3 - 1). Suppose 2*m - 9 = -y. Suppose m = -2*k - 0*q + 4*q + 584, -312 = -k - 3*q. What is the highest common divisor of k and 30?
30
Suppose -826 = -3*z + 294 + 155. Calculate the greatest common factor of z and 325.
25
Let s(b) = -b**2 - 14*b + 8. Let g be s(0). Suppose n = -0*n. Let k be 16/(-10)*(n + 345/(-3)). What is the greatest common factor of g and k?
8
Let n(y) = 71*y**2 + 105*y - 57. Let u be n(-15). What is the greatest common divisor of 42 and u?
21
Let j(x) = 55*x**2 - 2*x - 2. Let l be j(-1). Let n = l + -55. Let t be (1 - n)/1*11. Calculate the greatest common divisor of 99 and t.
11
Let v = 53 - 18. Let c be 955/v - (-4)/(-14). Let k = c + 0. Calculate the greatest common divisor of 189 and k.
27
Suppose -3544 = 9*b - 9052. Suppose -28*z + b = -16*z. Calculate the highest common factor of 3 and z.
3
Let n(r) = -4*r - 4. Let l be n(-5). Suppose 6198 = -213*c + 40278. Calculate the highest common factor of l and c.
16
Let l = -260 - 1233. Let c = -137 - l. What is the highest common factor of c and 12?
12
Let y = -18199 + 18935. Calculate the greatest common factor of y and 5704.
184
Let a = 19 - 13. Let t = 9 - a. Let x be 13 + (t/(-9) - (-35)/15). Calculate the greatest common divisor of x and 30.
15
Let a = 1318 - 1299. What is the greatest common factor of 6517 and a?
19
Suppose -2*g - 5*a + 23 = 0, -g - 5*a + 2 = 3. Let u be (92/3)/(8/g). Let b = -72 + u. Calculate the greatest common factor of b and 4.
4
Suppose u + 4*c = -0*c - 8, 4*u = -2*c + 10. Suppose -u*f + 260 = p + 3*p, 3*p - f = 215. What is the highest common divisor of p and 20?
10
Suppose 3*c - 5*i = 29, -2*i - 26 = -48*c + 46*c. Calculate the greatest common factor of 657 and c.
9
Suppose 5*n - n + 3*a = 76, 3*a = -5*n + 92. Suppose -3*w = 5*d - 191, 0 = -7*d + 2*d - w + 197. What is the greatest common factor of n and d?
8
Let t = 106 + -103. Let d(y) = -15*y - 2. Let h be d(t). Let u = h - -67. Calculate the greatest common divisor of u and 140.
20
Let f(v) = v**3 - 4*v**2 + 16*v - 9. Let i be f(4). Let u = i + -54. Let s be 31 + u/(-4 + 3). Calculate the highest common factor of 240 and s.
30
Let s = 394 - 392. Suppose -s*k + 1747 = -609. What is the greatest common factor of 62 and k?
62
Let j(c) = -c**3 - 4*c**2 + 5*c + 7. Suppose -2 = 2*v + 8. Let r be j(v). Suppose -16 = -226*u + 218*u. Calculate the greatest common factor of r and u.
1
Suppose 0 = -72*s - 75*s + 7056. What is the greatest common divisor of 1616 and s?
16
Let k(u) = u**3 - 40*u**2 - 85*u + 1896. Let g be k(41). What is the greatest common factor of 299 and g?
23
Suppose -p + 3*a = 2*p - 60, -3*a = p - 28. Suppose 31*i - p*i - 279 = 0. Calculate the highest